0 + -2 + s. Let n = x - -35. What is the units digit of n?
1
What is the thousands digit of 8 - -3 - (-5 + -4038)?
4
Let v(u) be the third derivative of -u**6/120 - u**5/15 - u**4/6 - 2*u**3/3 - u**2. Let m be 4/((-40)/5)*8. What is the units digit of v(m)?
2
Let g = 157 - 105. Suppose -132 = 48*c - g*c. What is the tens digit of c?
3
Let r(x) be the first derivative of -3*x**2/2 + 22*x + 25. What is the tens digit of r(-19)?
7
Let a be 122/10 + (-4)/20. Let q = -5 + a. Let j = 13 - q. What is the units digit of j?
6
What is the tens digit of 404/(-112)*-1108 + 2/7?
9
Suppose g + 4*p = -7, 3*p = 4*g - 0*g - 67. Suppose g*x - 492 = 10*x. What is the hundreds digit of x?
1
Suppose 0 = -4*u + v + 675, 2*v - 4 + 2 = 0. Suppose -y + j = -u, 4*y + 5*j + 212 = 879. What is the hundreds digit of y?
1
Suppose -t = -5*i - 3, 0 = -3*i + 2*t + 2*t - 12. Suppose i = 4*x - 103 - 85. What is the tens digit of x?
4
Suppose 3*c = -f + 371, -c + 128 = 2*f - 6*f. Let u = 228 - c. What is the hundreds digit of u?
1
Suppose 558 = 3*w - 5*z + 2*z, w - 194 = -z. What is the units digit of w?
0
Let p(k) = -k**3 + 55*k**2 + 87*k + 68. What is the thousands digit of p(55)?
4
Let q = 180 + -30. What is the tens digit of (2 + 0)/(6/q)?
5
Let g(n) = -n - 3*n + 4*n - n. Let z be g(-1). Let l(i) = 16*i**3 + i**2 - i + 1. What is the units digit of l(z)?
7
Let g = -1282 - -2313. What is the units digit of g?
1
Let m = -37 - -61. Suppose m = -0*h + 2*h. What is the units digit of h?
2
Let h be -1 + (1 + 1 - 0). Let y be (-11)/(-3) - (-6)/(-9). Suppose -4*q + 0 = -5*z - h, 0 = -y*q + 12. What is the units digit of z?
3
Suppose 2*w + 4966 = 2*i, -7*w + 8*w = -1. What is the hundreds digit of i?
4
Suppose 1494 = 5*a - 4*r, -2*a = 3*a + 5*r - 1530. Let y = a + -185. What is the tens digit of y?
1
Let x(d) = -d**3 + 8*d**2 - 2*d - 9. Let n be x(8). What is the units digit of 219/5 - 5/n?
4
Let j(i) = 8*i**2 + 32*i + 2. What is the tens digit of j(-12)?
7
Suppose -13 = -4*d + 155. What is the units digit of 133/d + (-3)/18?
3
Suppose 0 = 2*x + b - 2*b - 148, -3*b = 3*x - 231. Suppose 3*z - 4*z + 3*n + x = 0, 2*n + 197 = 3*z. What is the tens digit of z?
6
Suppose 4*f - 3975 = 3993. What is the hundreds digit of f?
9
Suppose -n + 2382 = 4*n - 4*t, 3*n = -3*t + 1413. What is the tens digit of n?
7
Suppose 3*o = -5*o + 32. Suppose -o*z + 29 = 25. What is the units digit of z?
1
Suppose z - 3*f = -2*z - 321, -5*z = -4*f + 535. Let u = z + 315. What is the hundreds digit of u?
2
Let r(c) = c - 1. Let f(t) = t**2 - 10*t - 24. Let k(q) = f(q) - 2*r(q). What is the hundreds digit of k(21)?
1
Suppose 4*w + 0 = -4. Suppose -4*o = 4*c - 64, 4*c = 5*o + c - 80. What is the units digit of ((-4)/o)/(w/36)?
9
Suppose -10*q - 2017 = -n - 6*q, -4*n + 8101 = -5*q. What is the units digit of n?
9
Let l(y) = 13*y**2 - 4*y - 36. What is the units digit of l(-4)?
8
Let m = 53 + -46. Suppose -m*x = -12*x + 1025. What is the hundreds digit of x?
2
Suppose -2*t - u = -86, -2*u - 3 = 1. Let n = t - 31. Let w(l) = l**3 - 12*l**2 - 10*l - 11. What is the tens digit of w(n)?
2
What is the tens digit of (-5 - -15)*904/16?
6
Suppose 1416 = j - 5*b + 127, -2*j + 2543 = -3*b. What is the hundreds digit of j?
2
Let x = -51 + 61. Suppose 0*i + x = i. What is the units digit of i?
0
Let h = 55 + 56. Let j = h + 97. What is the tens digit of j?
0
Suppose -171*l = -179*l + 3208. What is the hundreds digit of l?
4
Let k(t) = 6*t + 6*t - 11*t + 21. What is the tens digit of k(9)?
3
Let i = -27 - -62. Let j = i - 38. What is the units digit of 116/3*j/(-2)?
8
Let i be 4/(-24) - (-21)/18. What is the tens digit of (-20)/(-20)*47*i?
4
Suppose 7*n - 4*u - 105 = 2*n, -n + 21 = -2*u. Suppose -8*t - d = -3*t - 21, t - 4*d - n = 0. Suppose 349 - 69 = t*h. What is the tens digit of h?
5
Let n(t) = 2*t**2 + 17*t + 3. Let v(o) = 6*o + 4. Let s be v(-2). Let d be n(s). What is the tens digit of (1 + d - -46) + -1?
4
What is the tens digit of (-735)/(-2)*(-108)/(-30)?
2
Suppose -4 + 3 = -g. Let s be -7*((-18)/21)/g. What is the units digit of s*((-30)/(-4))/5?
9
Let q = -25 + 7. Suppose 2*f - 4*f = -58. Let p = q + f. What is the tens digit of p?
1
Let i = 249 + 89. What is the hundreds digit of i?
3
Let k(q) = q**2 - 4*q + 6. Let x be k(4). Suppose 2*y - x - 2 = 0. Suppose -y*c - 15 = -7*c. What is the units digit of c?
5
Suppose c - 6 = -2*o, 2*o + 2*c = 6 - 0. Suppose o*t - 7*t = 260. Let h = 98 + t. What is the units digit of h?
3
Let y(z) = 29*z**2 + 3*z + 13. What is the units digit of y(-4)?
5
Let o = 536 - -32. What is the units digit of o?
8
Suppose 2*p - 181 = 711. What is the tens digit of p?
4
Let k = -21 - -39. Let r be 3/(k/33)*-6. Let j = r - -59. What is the units digit of j?
6
Let q(x) = -x + 34. Let b be q(11). Let d = b - -52. What is the units digit of d?
5
Let t(k) = 3*k**2 + 10*k + 8. Let c be t(-3). What is the units digit of (260/14)/((-6)/(-37 - c))?
0
Suppose 2*z = 0, 18*f - 20*f - 5*z + 276 = 0. What is the tens digit of f?
3
Let b = -103 + 100. What is the units digit of ((-30)/(-12) + -2)/(b/(-1524))?
4
Suppose -s - 172 = 3*d, -5*d - 334 = -3*s - 38. Let q = -26 - d. What is the units digit of q?
2
Suppose -2*t = -6*t + 1676. Let j = t + -211. What is the units digit of j?
8
Suppose -9 = 3*n, 3617 + 1026 = 2*w + n. What is the hundreds digit of w?
3
Let u(m) = 3*m + 11*m**2 - 15*m**2 - 4 + 12*m**2. What is the tens digit of u(-3)?
5
Let r(k) = -k + 8. Let v be r(5). Suppose -3*l + 322 = q - 3*q, -v*l = -5*q - 337. What is the hundreds digit of l?
1
Suppose -g = 4*x - 0*x, -3*g = -x + 13. What is the units digit of ((x - -2) + 6)/(1/3)?
7
Let n(o) = o**2 + 9*o + 7. Let g be n(-9). Suppose g*k = 6*k + 70. What is the tens digit of k?
7
Let r = -10 - -7. Let u be r - -6*(-2 + 3). Suppose -x + 3*b = u*x - 58, 0 = x + 4*b - 5. What is the tens digit of x?
1
Let q be ((-1)/(-2) + -2)*110/(-33). Suppose -a = -q*h - 11, a - 6*a + 190 = 2*h. What is the tens digit of a?
3
Suppose 5*a = 2*a + 6. Suppose -8 = -2*k - 4*f, -a*k - f + 2 = 2*k. Suppose k*c - 5*c + 145 = 0. What is the units digit of c?
9
Let b be -6 - (3 + -1 + -3). Let a(c) = -c**3 - c**2 - 3*c + 5. Let r be a(b). Suppose -2*l + 19 = 5*m - r, 3*l + 102 = 4*m. What is the units digit of m?
7
Let i be (-1)/7 + 6448/(-91) - -3. Let m = 108 + i. What is the tens digit of m?
4
Let i = 119 - 74. Suppose -2*l + i = -17. What is the units digit of l?
1
Let j = -216 + 330. What is the hundreds digit of j?
1
Let g(l) = 3*l**2 + 25*l - 233. What is the tens digit of g(7)?
8
Suppose -2*g + 267 = -9. Let l(o) = o**2 + 4*o + 12. Let b be l(-14). Suppose -5*i + g = -b. What is the tens digit of i?
5
Suppose -1267 = -n - 70. Suppose 5*a - n = -187. What is the hundreds digit of a?
2
Let u(m) = -10*m - 54. Let f be u(-17). Suppose -3*z = -346 - f. What is the hundreds digit of z?
1
Let p = -3 - -2. Let l = p + 45. What is the units digit of l?
4
What is the hundreds digit of (-3 + 2631/(-6))/(1/(-2))?
8
Let q be 1189/287 - 2/14*1. Suppose 0 = 4*g - 12, 147 + 267 = q*x + 2*g. What is the units digit of x?
2
Let j(v) = v**3 - 22*v**2 + 58*v + 3. What is the tens digit of j(21)?
8
Let m = -1594 + 2394. What is the tens digit of m?
0
Suppose 0 = -3*j - 5*m + 3 + 71, 5 = -m. Suppose -j = -3*q + 57. What is the tens digit of q?
3
Let i = 39 + 775. Let m = -481 + i. What is the hundreds digit of m?
3
Let t = -261 + 668. What is the units digit of t?
7
Suppose 5*k - 2*j = -450, 11*j - 6*j = 4*k + 377. Let f = k + 246. What is the tens digit of f?
5
Let y(c) = 2*c**2 - 14*c. Let p be y(10). Suppose -i = -5*m + 618, 0 = m + i - 4*i - 132. Let x = m - p. What is the units digit of x?
3
Let b be 3*6/(72/20). Suppose b*o = -0*o - 30. What is the units digit of (104/(-6))/(o/9)?
6
Let r be 24/11 + (-16)/88. What is the hundreds digit of 129 - (r/5)/(9/(-45))?
1
Suppose i - 380*h + 384*h - 786 = 0, -h = 4. What is the units digit of i?
2
Let a = 2287 - -410. What is the tens digit of a?
9
What is the tens digit of 2293 + 2 + -2 + 0/(-50)?
9
Let a = -2 + 1. Let w be -1*a/((-1)/(-4)). What is the units digit of ((-4)/w)/((-1)/7)?
7
Suppose -84 = o + 2*o. Let g = o + 124. What is the tens digit of g?
9
Let l = -10 - -19. Let w(h) = -h**3 + 11*h**2 - 11*h - 6. What is the units digi